divisor of j and v?
17
Let i(c) = 3*c**3 - c**2 + c - 1. Let v be i(1). Let l be (-1 + 2)/(v/16). What is the highest common factor of 56 and l?
8
Suppose -4*w + 22 = -170. Calculate the greatest common divisor of w and 6.
6
Let w be (-31)/(-7) - (-8)/14. Suppose -21 - 254 = -w*t. Calculate the greatest common factor of t and 11.
11
Suppose 0 = -2*w - 4*w + 42. What is the highest common divisor of 105 and w?
7
Suppose 0*m - 884 = 2*m. Let a = 677 + m. Suppose 4*r + r = -5*b + 200, 5*r - a = 2*b. Calculate the greatest common divisor of 9 and r.
9
Suppose 11 = 2*t - w, -6*w = 5*t - 3*w. Let f(k) = 54*k + 3. Let o be f(t). What is the greatest common factor of o and 15?
15
Let c be 1*-4*15*-1. What is the highest common divisor of c and 12?
12
Suppose 12 = -5*s + s, -4*v + 5*s + 35 = 0. Suppose -55 = -j + 2*l, -v*j + l + 456 = 145. What is the highest common divisor of 9 and j?
9
Let g = 37 - 23. Suppose -7*m = -3*m - 616. What is the highest common factor of m and g?
14
Suppose 0 = -5*j - 5*h - 0*h + 55, 4*h + 10 = 5*j. Suppose c - j*c + 90 = 0. Calculate the greatest common factor of c and 144.
18
Let t be 15 + (3 - (0 + 2)). What is the greatest common factor of t and 40?
8
Let o be 2/4*4*8. Suppose -4*g = 4*s + 1932, -5*g - s - 2*s = 2415. Let n be g/(-12) + 2/(-8). What is the highest common divisor of n and o?
8
Let h be 1/2 - 3/(-6). What is the highest common factor of h and 9?
1
Let j(z) = z**3 - 14*z**2 - 10*z - 10. Let t be j(15). What is the greatest common factor of 13 and t?
13
Let p = -17 - -39. What is the highest common divisor of 55 and p?
11
Suppose 0*m = 12*m - 1500. Calculate the greatest common factor of 25 and m.
25
Let y(v) = -50*v**3 - 2*v - 1. Let c be y(-1). What is the greatest common factor of c and 34?
17
Let d(c) = -c**3 + 6*c**2 + 8. Let g be d(6). Suppose -259 = -4*s - 3. What is the greatest common divisor of s and g?
8
Suppose 34 + 8 = 3*g. What is the greatest common factor of 14 and g?
14
Let u(l) = l**2 + 6*l - 10. Let f be u(-9). What is the greatest common factor of f and 34?
17
Let i be -3*(-6)/(-9) + 72. Suppose 79 = 4*t - o - 65, 101 = 3*t + o. Let x = i - t. Calculate the greatest common factor of x and 7.
7
Let r be (-303)/(-6) + -2 - (-8)/(-16). Calculate the highest common divisor of 16 and r.
16
Let w(i) = 12*i + 8*i + 8 - 7*i + 6. Let s(t) = -6*t - 7. Let m(b) = 9*s(b) + 4*w(b). Let c be m(-5). What is the highest common divisor of c and 21?
3
Suppose -j - 3*b - 1311 = 2*j, 4*j = b - 1733. Let k = -225 - j. Calculate the greatest common factor of k and 19.
19
Suppose -6 - 4 = -5*o. Let r(n) = -n**3 - 6*n + 3*n**2 + 2*n + 2 + 2*n**3. Let c be r(o). Calculate the highest common factor of c and 56.
14
Suppose 1 = r + 3*d, -5*r - 4*d + 2*d + 5 = 0. Suppose 2*k + 10 = -4*w, 2 = -k + 4*w - 5*w. What is the highest common divisor of r and k?
1
Suppose -m + b + 23 = -4*m, 5*m + 43 = -4*b. Let q be 2/m - 242/(-14). Calculate the highest common factor of q and 153.
17
Let t(w) = 2*w**3 + w**2 - w. Let q be t(1). Suppose -q*a + a + 16 = 0. Suppose 7*j = 9*j - 16. Calculate the highest common divisor of a and j.
8
Let m(t) = 3*t - 6. Let a be m(4). What is the greatest common factor of 2 and a?
2
Let c be (3/(-9) + (-6)/9)*-1. What is the highest common factor of c and 8?
1
Let h = -112 + 189. Let y = -14 - -21. Calculate the highest common divisor of y and h.
7
Let z(y) = -y**3 + 3*y - 3. Let f(l) = -2*l**3 - l**2 + 3*l - 4. Let c(k) = 3*f(k) - 4*z(k). Let p be c(-3). What is the highest common divisor of p and 12?
12
Let d(q) = -18*q - 7. Let o be d(-6). Let w be ((-2)/(-4))/((-1)/(-26)). Suppose o = 5*m - y, 29 + w = 2*m - 2*y. What is the highest common factor of 10 and m?
10
Suppose -27 = -5*u + 2*g, 0 = 5*u - u - 5*g - 8. Calculate the greatest common factor of 14 and u.
7
Suppose 0 = y + 5 + 28. Let u be -1*1*(1 + 3). Let r be (-4)/16 + y/u. What is the greatest common divisor of 88 and r?
8
Let n(g) = 7*g**3 + 6*g. Let v be n(3). Calculate the highest common divisor of 23 and v.
23
Suppose p = 2*w + 19, -3*p = 3*w - 0*w - 21. Suppose -4*i + 4*g - 12 = 0, 4*i + 0*g + 2*g - 12 = 0. What is the greatest common factor of p and i?
1
Suppose 4*a - i = 3*i + 12, -2*a = -3*i - 5. Calculate the greatest common divisor of a and 4.
4
Suppose 3 = -2*s + 23. Let a = 0 - -1. Let v be 0/1 + a - -9. Calculate the highest common divisor of s and v.
10
Suppose -6 = -m + j, -12 + 40 = 4*m - 5*j. Let w(n) = n**2 + 4*n + 7. Let q be w(5). Let t = q + -38. What is the greatest common factor of m and t?
2
Let l(z) = -3*z - 12. Let y be l(-12). Suppose 0 = 2*m - 10 - 6. What is the greatest common factor of m and y?
8
Let a be 1/4 + 185/(-20). Let b(h) = h**3 + 10*h**2 + 6*h + 3. Let s be b(a). Calculate the highest common factor of s and 75.
15
Let j = -3 - -6. Suppose -2*c = q - 30, -4*q + 5*c = -j*q - 9. What is the highest common factor of 24 and q?
24
Let j(l) = 4*l - 5. Let o be j(5). Suppose p + z = 3 + 10, 0 = -p - 5*z + 33. Let g = 2 + p. What is the greatest common divisor of o and g?
5
Suppose 99 = 4*p - 61. What is the greatest common divisor of p and 100?
20
Let l(m) = 46*m**2 - 2*m + 1. Let x be l(1). Let f be x + 2/1 - 1. Suppose 10 + f = y. Calculate the highest common divisor of y and 7.
7
Suppose 4*k - 12 = -0*k. Suppose -k*c - 112 = -5*z, -8*z - c + 96 = -3*z. Let m be (-2)/(-3) + (-8)/(-6). Calculate the greatest common divisor of z and m.
2
Suppose f + 110 = 5*h, -4*h + 46 = -4*f - 42. What is the highest common factor of 55 and h?
11
Let r(z) = z + 4. Let j be (-2)/4 - (-22)/4. Suppose j*b + 11 = 41. Let t be r(b). What is the highest common divisor of t and 110?
10
Suppose 0 = -33*i + 39*i - 24. What is the highest common divisor of i and 4?
4
Suppose 12*a - a = 77. Calculate the greatest common divisor of 7 and a.
7
Suppose 0*t + 3*f + 15 = 2*t, 0 = -4*t + 2*f + 50. Let d be ((-10)/(-6))/((-1)/(-27)). Calculate the greatest common factor of d and t.
15
Let v be (-8)/(-36) - 92/9. Let i = 136 + v. Suppose -4*n - 3*a + 57 = 0, 4*n + 2*a - 80 + 18 = 0. Calculate the greatest common factor of i and n.
18
Let v = -22 - -42. Let u = 30 - v. Let n = u - -4. Calculate the greatest common factor of 154 and n.
14
Let g = 0 + -4. Let a = 9 - g. Calculate the highest common divisor of a and 117.
13
Suppose -x = -s - 15, 4*x - s = -5*s + 28. Suppose b + 0 = x. Suppose -4*l + 4*r + 496 = r, -5*l - 2*r = -597. Calculate the highest common divisor of b and l.
11
Let x be 1/(-3)*-10*33. Let k be (12 - -1) + -2 + (-2)/2. What is the greatest common factor of x and k?
10
Let r(z) = z**2 + 0*z**2 - 73*z + 78*z. Suppose -3*n - 4*w - 6 = 0, 4*n + 4*w + 5 = -7. Let b be r(n). What is the greatest common factor of b and 6?
6
Suppose 7*p = 3*p + 4*q + 128, 4*p + 3*q = 128. What is the greatest common divisor of 4 and p?
4
Let f be 617*1/2 + 9/(-18). What is the greatest common divisor of f and 28?
28
Let r(z) = -z**3 - 4*z**2 - z + 3. Let u be r(-5). What is the highest common factor of u and 11?
11
Suppose 2 + 6 = 2*f, -5*f + 141 = y. Let l = -85 + y. Suppose l = -0*d + 3*d. What is the highest common divisor of 8 and d?
4
Suppose -20*l - 12 = -23*l. Let d = 1 - 1. Suppose l*r = -d*r + 96. What is the greatest common divisor of r and 16?
8
Suppose 7*b = -5*f + 4*b - 47, -b = 3*f + 25. Let j(w) = w**3 + 8*w**2 + 6*w - 1. Let a be j(f). What is the highest common divisor of a and 48?
6
Suppose -2*s - s = -45. Let l = s - 8. Let d = 21 + 0. Calculate the greatest common factor of d and l.
7
Let u(q) = 984*q - 8. Let t be u(6). Let v be t/32 - 6/(-8). What is the highest common factor of v and 37?
37
Let n be (2 + (-48)/(-20))*75. What is the greatest common factor of 30 and n?
30
Suppose -n + 8 = 3*n. Suppose -5*q - n*m = -50, -4*q + 2*m + 29 = -29. Calculate the greatest common factor of q and 30.
6
Let w(t) = 169*t**2 - 2*t + 1. Let q be w(1). Let o be 0 - -40 - (-2 - 0). Suppose 0 = -4*r + 2*r + o. Calculate the highest common factor of r and q.
21
Suppose -4*x = -3*c - 16, 6 = 3*x + 3. Let g = 0 - c. What is the greatest common factor of g and 32?
4
Let j(a) = a**2 - a + 2. Let z be j(6). Calculate the greatest common factor of z and 8.
8
Suppose 1 = -3*q + 10. Suppose -w + 1 = -q. Suppose 27 = w*x - 33. What is the g